 -15*x + 20*x + 25*x. Let i(f) = f - 8. Give i(x).
-8
Let f be (10/12)/(3/18). Suppose 4*q = f*j - 3*j + 8, 5*j + 25 = 5*q. Let y(x) = -5*x + 2*x + 2*x - 8. Calculate y(j).
-2
Suppose 35*t = 46*t + 11. Let z(a) = a**3 - a**2 - 3*a + 3. Let j be z(2). Let b(u) = -j + 2*u + 0*u + 2. Calculate b(t).
-1
Let a(t) = -2*t + 2. Suppose -2*b = -y + 2, -6*b + 3*b - 6 = -3*y. Let q(x) = x + 2. Let z be q(b). What is a(z)?
-2
Let w = 0 + 1. Let r be 9/(-15) + w + 266/35. Let c(v) = v**2 - 7*v - 10. Give c(r).
-2
Let x(f) be the second derivative of -f**3/6 - f**2/2 + f. Let s be (20/(-30))/((-4)/(-78)). Let w be (1 + -1)/(-12 - s). Give x(w).
-1
Let v = -26 - -30. Let b(u) = u**3 - 2*u**2 - 4*u + 2. What is b(v)?
18
Suppose -5*g = 110 + 60. Let i = -30 - g. Let q(s) = -2*s + i*s**3 - 5*s**3 + 5*s - 1 - 2*s**2 + 0*s**3. What is q(-3)?
-1
Let c(o) be the first derivative of -o**3/3 + 11*o**2/2 - 8*o - 68. Determine c(6).
22
Suppose -2*r = -0*r + 14. Let y be r + 1 + (9 - 9). Let b(a) = -2*a - 15 + 42 - 13 - 17. Give b(y).
9
Let o(k) = 2*k**2 - 351*k**3 + 352*k**3 + 1 - 2*k + 0. Give o(-2).
5
Suppose -2*v + 3*a = -21, -2*a + 4*a + 22 = 4*v. Suppose -l - 3*b = -28, l + 2*l + 2*b - 84 = 0. Let i(k) = -15*k - 12*k - 4 - 5*k + l*k. Give i(v).
-16
Let b(x) = 2*x**3 - 9*x**2 - 3*x + 17. Let m(y) = y**3 + y**2 - 5. Let j(p) = b(p) - m(p). What is j(10)?
-8
Let m(z) be the first derivative of -z**7/840 - z**6/60 - z**5/30 - z**4/6 + 4*z**3 + 6. Let g(n) be the third derivative of m(n). Calculate g(-5).
-9
Let k(f) = f**3 - 2*f**2 + f - 3. Let b be 26/8 - 3/12. Let v(s) = s - 14*s + 11 + 6 - 15*s**2 - s**b. Let r be v(-14). Give k(r).
9
Let y(t) = t**2 - 2. Suppose -14*o + 17*o = -9. Give y(o).
7
Let n(t) = 4 + 13 - 13*t - 13*t - 12*t + 36*t. What is n(5)?
7
Suppose -4*c = 4*y - 0*c - 28, -2*c = -5*y + 7. Let n be 3/6*-2*(6 - y). Let r(a) be the third derivative of a**4/24 - a**3/6 + a**2. Calculate r(n).
-4
Let k(r) = -r**3 + 4*r**2 - 9*r + 36. Let a = 2966 - 2962. Give k(a).
0
Suppose 2*k - 6 = -2. Let s(w) = -2*w + 3. Suppose 26*u - 7 = 27*u. Let c(x) = -2*x + 3. Let d(m) = u*c(m) + 6*s(m). Give d(k).
1
Let p(l) = l**3 - 4*l**2 - 6*l + 5. Let v(o) = -o**3 + 5*o**2 + 7*o - 6. Let q(g) = 3*p(g) + 4*v(g). What is q(9)?
0
Suppose -7 = -6*u - u. Let g(l) be the second derivative of -l**5/20 - l**4/6 + l**3/6 + 12*l. What is g(u)?
-2
Let g(t) be the third derivative of t**6/120 - t**5/15 + t**4/12 - 9*t**2. Let a be (0/(-3))/3 - -38. Let k = a - 35. What is g(k)?
-3
Let k(q) be the second derivative of -q**6/360 - 7*q**5/120 - q**4/8 + 5*q**3/6 + 3*q. Let n(x) be the second derivative of k(x). Determine n(-7).
-3
Let j(b) be the first derivative of -b**4/4 + 2*b**3 - 2*b**2 - 10*b + 10. Let r be j(5). Let m(g) = -2*g + 3. Calculate m(r).
13
Let m(z) = z**2 - 9*z + 7. Suppose -2*k - 4 - 18 = -5*j, -38 = -5*j - 2*k. Give m(j).
-11
Let p(g) = g**2 + 12*g - 13. Suppose 5*m - 3*x + 21 = -29, -3*m + 4*x - 19 = 0. Determine p(m).
0
Let o(p) = 4*p - 3. Let x(s) = 2*s - 6. Let v = 9 - 4. Let b be x(v). Let a(y) = 3*y - 10. Let m be a(b). What is o(m)?
5
Let o(p) = p**2 + 6*p - 3. Let f = 18 - 14. Suppose f*w - 15 = w. Suppose -2*v + 38 = -4*x, 0*v + w*v = x + 32. Calculate o(x).
4
Suppose -9*o = -4*o - 30. Suppose -u - o = -3*u. Let h(z) = 4*z**2 + 7 + 33*z**3 - 17*z**3 - 17*z**u + z**2 - z. Give h(5).
2
Let g(l) = -l**3 + 0 - 3 + 2*l - 26*l**2 + 50*l**2 - 22*l**2. Give g(3).
-6
Let r = 2390 - 2392. Let b(m) = -2*m**3 - 2*m**2 - 2. Determine b(r).
6
Let t = 24 - 11. Let m = 15 - t. Let y(c) = c - c - m*c + 3*c. Give y(-5).
-5
Let c = -40 - -44. Let h be -10*(c + (-21)/6). Let u(k) = k**2 + 4*k + 6. Calculate u(h).
11
Let r(v) = 4*v**2 + 19*v + 41. Let u(w) be the second derivative of w**4/12 + 5*w**3/6 + 5*w**2 + 30*w. Let h(a) = -2*r(a) + 9*u(a). What is h(-6)?
2
Let s(q) = -q**2 + q - 1. Let n(b) = 5*b**2 - 19*b + 25. Let j(g) = n(g) + 6*s(g). Calculate j(-14).
5
Let n be 4/((5/((-10)/4))/4). Let c(l) = l - 7. Let t(z) = 4*z - 22. Let r(i) = -7*c(i) + 2*t(i). What is r(n)?
-3
Let r be (-21)/6*(-2)/1. Suppose 4*t = r*t + 18. Let n(o) = -o**2 - 2*o - 8 - 3*o - 2*o. Give n(t).
-2
Let r(k) = 2*k**2 - 2*k - 1. Let c(f) = 5*f**2 + 10*f - 57. Let w(v) = c(v) - 2*r(v). What is w(-17)?
-4
Let z(u) = -23*u + 6 + 6 - 1 - 10. What is z(1)?
-22
Let o be (((-2)/(-3))/1)/(30/(-135)). Let w(t) = t**2 + 2*t - 6. What is w(o)?
-3
Let v(b) = b**3 + b**2 + 2. Let c(s) = -s**3 + s**2 + 3*s - 1. Let d be c(-2). Suppose 0 = -j - d*j. Give v(j).
2
Let h(w) = -27*w**3 + 7*w**2 + 4*w + 2. Let q(m) = 14*m**3 - 4*m**2 - 2*m - 1. Let y(g) = 4*h(g) + 7*q(g). Let n = 35 - 36. Calculate y(n).
9
Let c(g) be the third derivative of 0 + 1/2*g**3 - 15*g**2 + 0*g - 1/4*g**4. What is c(2)?
-9
Let h(t) = -t**2 - 8*t + 9. Let i be (-58)/7 + ((-120)/(-35))/12. What is h(i)?
9
Let s(k) = k**3 - 2*k**2 - 1. Suppose 11*h + 26 = 24*h. What is s(h)?
-1
Let a(u) = -7*u**2 + 2*u + 1. Suppose 3*r - 5 - 1 = 0. Give a(r).
-23
Let s be -1*(-1)/3*(-6)/(-4). Let k(c) be the first derivative of -5*c + 4 - s*c**2. Give k(-4).
-1
Suppose -6*h = -h - 10. Suppose -t + 2 = 4*n - h, 2*n - 20 = -5*t. Let g(r) = r**2 - 4*r + 3. Determine g(t).
3
Suppose -5*n + 2*i + 5 = i, n + 3 = i. Let y(m) = -7*m - 4*m**2 + 7 + 11*m**3 - 10*m**3 - m**n. Suppose 3*z - 6*z + 18 = 0. Determine y(z).
1
Let c(l) = 4*l**3 - 8*l**2 + l - 3. Let b(d) = d**3 - d**2. Let s = 35 - 34. Let g(p) = s*c(p) - 5*b(p). Calculate g(-3).
-6
Let k = -46 + 46. Let r(y) = -3*y - y + 3 + 2*y + k*y + y**2. Suppose 0 = -3*d + 6. Give r(d).
3
Suppose 3*q = -3*q - 36. Let l(v) be the first derivative of -v**3/3 - 3*v**2 + 4*v - 1. Calculate l(q).
4
Let s(l) be the second derivative of -l**3/3 - 3*l. Suppose -4*r = -7*r - 39. Let d be (-39)/r - -1*1. Give s(d).
-8
Let s(j) be the third derivative of j**5/60 + 7*j**4/24 + j**3/3 + 58*j**2. Let o(l) = -l**3 - 5*l**2 + 8*l + 7. Let z be o(-6). Calculate s(z).
-8
Let t(j) = 3465 + j**3 - 5*j**2 - 6922 + 14*j + 3464 - 2*j**3. What is t(-7)?
7
Let w(p) = -p**2 + p - 2. Let t(v) = 2*v**2 - 14*v - 3. Let d(n) = t(n) + w(n). Determine d(13).
-5
Let c(m) = -12*m + 1. Let y(u) = -u**2 + 43*u - 9. Let v(b) = -3*c(b) - y(b). Calculate v(4).
-6
Let p = 1 + 3. Suppose 0 = -n + 3*o - 0*o + 16, -4*n + 4*o + 32 = 0. Let g(c) = n + 6*c + c - 8*c. What is g(p)?
0
Let k(b) = 66*b**3 - 27*b**2 - 67*b**3 + b + 3*b + 11*b**2 + 10*b - 40. Give k(-17).
11
Suppose 9 = 3*h - 6*h - 3*l, h = -5*l + 13. Let b(k) = -k**3 - 6*k**2 + 8*k + 4. What is b(h)?
-3
Suppose 4 = w - 4*y, 6*y - 2*y + 52 = 5*w. Suppose -w = 2*g - 5*g. Let h(p) = -2*p + 6. Let t(j) = 2*j - 5. Let x(d) = 3*h(d) + 4*t(d). Give x(g).
6
Suppose o - 4*t - 2 = -t, 2*o + 4*t - 4 = 0. Let k = 0 + o. Let d(w) = w**2 - 7 + 5 - k*w - 2*w. Calculate d(4).
-2
Suppose 8 = -2*k + 2*a, 4*a + 16 - 7 = -k. Let d(s) = -2*s - 5*s + 2*s + 28. Let h(r) = -3*r + 19. Let g(o) = k*d(o) + 8*h(o). Determine g(-5).
7
Let g(r) = -r - 25. Suppose -14*d + 21*d = -126. Give g(d).
-7
Suppose 6*l + 637 - 691 = 0. Let p(r) = r**3 - 9*r**2 - 2*r + 15. Determine p(l).
-3
Let t(u) = 2*u - 14. Let i be t(17). Suppose 0 = -5*w - 5*z, -3*z + 8*z + i = -w. Let m(b) = -b**3 + 6*b**2 - 5*b - 4. What is m(w)?
-4
Let w(i) = -i**3 + 3*i**2 + 9*i - 13. Let f be w(4). Let l(j) = -j**2 + 3*j + 5. Give l(f).
-23
Let x(i) = 4*i**2 - 4*i + 2. Let y(f) = 7*f**2 - 8*f + 4. Let r(m) = 5*x(m) - 3*y(m). Suppose -5*w + 9 - 12 = -a, 12 = 4*a + w. Determine r(a).
1
Let g(w) be the first derivative of w**3/3 - 5*w**2/2 + 6*w - 221. Determine g(5).
6
Let h(r) = r - 7. Let b(z) = 2*z - 14. Let f(q) = 4*b(q) - 7*h(q). Let s be f(12). Let y(g) = -2*g + 6. What is y(s)?
-4
Let g(i) = i + 23. Let k(d) = d + 27. Let m(c) = -6*g(c) + 5*k(c). Give m(-4).
1
Let p(i) be the first derivative of -15 - 8*i + 1/2*i**2. Calculate p(4).
-4
Let u(c) = -3*c**3 - 6*c**2 - 7*c - 6. Let q(n) = -n**3 - 2*n - 1. Let t(z) = 4*q(z) - u(z). Determine t(5).
22
Let o(p) = -23*p - 401. Let w be o(-18). Let f(s) = -s**2 + 14*s - 5. What is f(w)?
8
Let q(j) = -15 + 7*j**3 + 10*j**2 + 14*j**2 - 4*j - 5*j**2. Let d(w) = 3*w**3 + 9*w**2 - 2*w - 7. Let v(x) = -9*d(x) + 4*q(x). What is v(4)?
-5
Let t(d) = -d**2 - d + 2. Suppose -72 = -v + 5*v. Let m = v + 9. Let j(s) = -s**3 - 10*s**